 2. Is l composite?
True
Let r = -1482 + 3370. Let i = r - 1301. Is i a composite number?
False
Suppose 30*u = 38*u - 15288. Suppose 2*y = y + 2*t + u, 2*t = -2. Is y a prime number?
False
Let d be (5 - 5) + 6/2. Let b(c) be the second derivative of 9*c**5/5 - c**4/12 - c**3/2 + c**2/2 - 8*c. Is b(d) prime?
False
Suppose -10*p + 8 + 12 = 0. Is p - -1 - (-1 - -5 - 4622) composite?
False
Suppose -m - b - 3 = 2*b, 3*b + 3 = -5*m. Let z be m - (3 + (-32)/4). Suppose -a = 2*u - 79, a = -z*u - 0*u + 190. Is u composite?
False
Let a be (-16)/(-80) + 4418/10. Suppose -5*l - r = -a, 4*l - r - r - 362 = 0. Is l a prime number?
True
Let o = 28 - 34. Let h(g) = -53*g + 3. Let p be h(o). Is 11 + p + -1 + 0 composite?
False
Let z = 10 + -7. Let q(n) = -5*n + 0 + z - 7*n. Is q(-7) a prime number?
False
Let v = -26 + 13. Let z(h) = 0*h + 13*h**2 + 0*h + h**3 - 3 + 18 - 4*h. Is z(v) a prime number?
True
Suppose -6 = -d - 2, 223 = k + 2*d. Suppose 3*f - 639 = -4*x + k, 2*x = -2*f + 566. Is f a composite number?
True
Suppose 2*z + 3*s = -12 + 4, -5*s + 4 = -z. Let j = -14 - z. Let d = j - -19. Is d prime?
False
Let i = -734 - -404. Let l = 565 + i. Is l a prime number?
False
Let y = 23 - 33. Let b be (-45)/y*(-11 - 3). Let h = 20 - b. Is h composite?
False
Suppose 3*y - 4947 = i + 2598, 5*y - 7547 = i. Is (-5)/(30/i) - 2/1 a composite number?
True
Suppose 0 = -4*q + 12 - 4. Let h(u) = -6*u**2 + 6 + 0*u**3 + 5 + u**3 - q*u. Is h(10) composite?
True
Let x(k) = -121*k - 2. Let r be x(-2). Let h = r + 262. Is h a composite number?
True
Suppose 5*c - 3*c - 3*u = -2067, u = 3*c + 3104. Let o = -704 - c. Is o a prime number?
True
Suppose -g + 2*r + 550 = g, 1330 = 5*g + 4*r. Let v = 23 + g. Is v a composite number?
False
Is 9/12 - 79938/(-72) a composite number?
True
Let y(i) = -i**3 - i. Let k(u) = -885*u**3 - 2*u**2 + u - 1. Let m(r) = k(r) + 3*y(r). Is m(-1) prime?
True
Let d be (-1)/(-7) + 166160/140. Suppose t + 1 = 0, 2*p + 5*t + 298 = d. Is p a composite number?
True
Suppose c = 3*c - 6, 5*c = 2*i + 43. Suppose 2*m = -3*v + 79, -3*m + 167 = m + 3*v. Let l = m - i. Is l prime?
False
Let l = 3917 - 1308. Is l a composite number?
False
Is ((-32)/(-160))/(8/(-340870))*-4 composite?
True
Suppose 3*x + 15*k - 10*k = 150862, 2*x - 5*k = 100533. Is x prime?
False
Let n be ((-32)/(-8) + -3)*2/1. Let d = 2 - -2. Is d*(n - 1) + 337 composite?
True
Suppose 11093 = y + 3*w + 2104, -4*w + 26987 = 3*y. Is y a composite number?
False
Let i(y) = y**2 - 32*y - 67. Is i(38) a prime number?
False
Let d(k) = 371*k**2 - 6*k - 19. Is d(-8) composite?
False
Is ((-24813)/45)/(1/(-5)) a prime number?
False
Suppose 0 = -7*y + 8*y + 2*c - 5790, -17374 = -3*y - 4*c. Is y a composite number?
True
Suppose 36*h = 39*h - 12801. Is h a prime number?
False
Let s be (-33)/(-5) - (-12)/(-20). Suppose 11*p - s*p - 2585 = 0. Is p composite?
True
Suppose -4*q - 3*w + 8 = -2*q, -4*q = -5*w + 28. Let p(r) = -20*r**3 - r - 4. Is p(q) composite?
True
Suppose 470961 = -56*v + 83*v. Is v a prime number?
True
Let x be 909*((-12)/(-3))/12. Let q = x - 86. Is q prime?
False
Let c be (0 - -8) + -5 + 1*2. Suppose -2*v + c*v - 3217 = -2*r, 0 = 4*r - 20. Is v prime?
True
Let w(y) = 2 - 974*y + 339*y - 24. Is w(-3) composite?
True
Suppose 5*z + 5 = -3*f - 0, 5 = -5*z + f. Is 13/((-13)/(-108)) - z prime?
True
Suppose 0 = 43*l - 443750 + 78637. Is l composite?
True
Let r(i) = -117*i**2 - 2*i + 1. Let b be r(1). Let p = b - -449. Is p composite?
False
Let c = 41 - 94. Let o = 354 + c. Is o composite?
True
Let t be -1 + (8 - (5 + -2)). Suppose -5 = -k, t*f + 1 = -5*k + 6. Let x(q) = 2*q**2 + 6*q - 6. Is x(f) a composite number?
True
Is (-8100 + (-22 - -11))/(2/(-10)) composite?
True
Let z be (36/(-60))/(1/(-5)). Suppose -3*b - 6 = -4*p, p - b - z*b = 8. Suppose 3*i - 5*i + 161 = h, -i + 1 = p. Is h composite?
True
Let r = 117 - 38. Let h = r - 5. Is h prime?
False
Suppose -247 = 5*m + 363. Let o = m - -283. Is o composite?
True
Let f = -43 - -43. Suppose -a + 4*i = -3237, 0 = 4*a - f*i + 3*i - 12910. Is a a prime number?
True
Let t = -26 - 26. Let c = t + 243. Is c prime?
True
Let c(g) = 5*g**3 + 3*g**2 + 3. Let n(s) = s**2 + s + 1. Let x(a) = -c(a) + 4*n(a). Is x(-3) prime?
False
Suppose -i + 6 = o, -4*o = o - 10. Let w(x) = 12*x**2 + 15. Let f(k) = 13*k**2 - k + 14. Let t(a) = i*f(a) - 3*w(a). Is t(-6) a composite number?
True
Let b = -4 - -4. Suppose b*r + 2 = r. Suppose r*a = -3*h + 959, -2*h + 176 = -5*a - 438. Is h prime?
True
Suppose 28*o - 63252 = 370552. Is o composite?
False
Let x(o) be the first derivative of -3 + 4*o**2 - 7*o + 2/3*o**3. Is x(-9) a prime number?
True
Is (((-404145)/10)/(-9) + -2)*2 composite?
True
Let s(a) = 77*a**2 - 21*a + 15. Is s(-14) composite?
False
Suppose 6*s = 3*u + 7*s - 1622, 0 = -4*u - 5*s + 2159. Is u a prime number?
True
Is -4 + 9/(-1) + 4152 a composite number?
False
Let m = -206 + -500. Let z = m + 1337. Is z a prime number?
True
Let a(b) = -b**3 + 4*b**2 + 8*b - 10. Let m be a(5). Suppose -316 = -m*k + k. Is k a prime number?
True
Let p(l) = l**2 - 20*l + 18. Let x be p(19). Is x/(2433/609 + -4) composite?
True
Suppose 4*u - 15 = -u. Suppose -x + 4 = t, -2*x - 12 = 3*x - u*t. Suppose x*n = 3*n - 105. Is n prime?
False
Let n = -28 - -32. Suppose -3*a - n*f - 329 + 1948 = 0, -1085 = -2*a + 3*f. Is a a prime number?
True
Suppose -4*n = 5*c - 8210, 4*n - 4532 = -3*c + 402. Suppose 0 = -b + 14 - 865. Let u = b + c. Is u a prime number?
True
Let p(r) be the third derivative of 2*r**5/15 - r**4/8 - 2*r**3/3 + r**2. Let n be p(-3). Suppose -k + 84 = -n. Is k prime?
False
Let t(o) = -2 - 31*o**2 - 2 + 151*o**2 + 2. Let s be t(2). Is (s/(-3))/((-6)/9) prime?
True
Is 4620 - 4/32*8 composite?
True
Suppose 7*q + 156 = 4*q. Let t = 213 + q. Is t a composite number?
True
Let w = -29205 + 50384. Is w prime?
True
Let v(h) = 20 + 2*h + 7*h - 5 + 0*h - 2*h**2. Let w be v(11). Let k = w + 207. Is k prime?
True
Suppose -2*v + 20 = -4*s, 0*v - 3*v + 5*s = -29. Let c be (-4)/v*(15 + 1). Is -2*(1 - (-3556)/c) composite?
False
Suppose 2072 = -5*j - 5*d + 3*d, 2*j + 816 = -4*d. Let g = 945 - j. Is g a prime number?
True
Let a(l) = 2*l - 50. Let q be a(0). Is (q/(-20))/(1/14) composite?
True
Let a be (13 + -28)/(1/(-83)). Let z = 4058 + a. Is z composite?
False
Suppose -k - 6856 = 4*u - 36267, 0 = -k - 3*u + 29411. Is k composite?
False
Let t(z) be the third derivative of 121*z**5/20 - z**4/4 - 5*z**3/6 - 11*z**2. Is t(4) prime?
True
Is (-3 - 40/(-15))/((-4)/372756) prime?
True
Let v(y) = 23*y + 8. Suppose -102 = -6*b - 24. Is v(b) a prime number?
True
Suppose -7*p + 10 + 18 = 0. Is 7/(42/(-1791))*p/(-3) a prime number?
False
Let u(f) = -3 + 26*f + 3 + 4 - 5. Is u(2) composite?
True
Suppose 11*j = -4*j + 60. Suppose 0 = -5*c - 2*m + 12839, -3*c + 7698 = j*m - m. Is c a composite number?
True
Let u(a) = 20*a**2 - a + 4. Let o = -22 + 19. Is u(o) a composite number?
True
Suppose -k + 3450 = 3*l, -4*k + 2*l = -2*l - 13816. Is (-1 + -2)*k/18*-2 composite?
False
Suppose -3*o - 5 = 22. Is ((-3)/o)/((-1)/(-1257)) prime?
True
Is (-2)/(4/(-21986)) - 138/69 a prime number?
False
Suppose -122*z + 125*z + 12 = 0. Let p(r) be the first derivative of -31*r**2 - 9*r + 3. Is p(z) a composite number?
False
Suppose -5*t = -2*i - 6*t + 6393, -5*i - t + 15975 = 0. Is i a prime number?
False
Let h(r) = 1356*r + 193. Is h(13) a prime number?
False
Let k be -303*(-1 - 2) + 2. Let x = k + -370. Is x composite?
False
Let z(c) = 11*c**2 + 6*c + 3. Let g be z(-7). Let l = -277 + g. Is l a composite number?
False
Let z be 24/(-9)*(-6)/4. Suppose z*i + 291 = 5*i. Is i a prime number?
False
Let m(a) = 20887*a**3 - 3*a**2 + a - 3. Is m(2) composite?
True
Suppose 11*g - 14*g - 5864 = -2*l, 8811 = 3*l + 3*g. Is l composite?
True
Suppose -5*x + 66819 = 3*u - 8*x, -89094 = -4*u + 5*x. Is u a prime number?
True
Is 44/154 + 371841/21 a prime number?
True
Let d(l) = l**2 + 14*l + 19. Let r be d(-13). Suppose -2*z - 876 = -r*z. Is z a composite number?
True
Suppose -5*u = -4*p - u + 616576, p = 3*u + 154142. Is p composite?
True
Let n = 0 + 4. Is n/20*0 + 263 a prime number?
True
Let w(v) = -v**3 + 19*v**2 - 29*v + 20. Is w(-21) composite?
False
Suppose 3*d - 4 = 5. Suppose 4*r + 0*r = d*a, r = 4*a. Suppose -3*k + 2*k + 53 = a. Is k 